
-1a60
In base 4, what is -1113 + 2121?
1002
In base 14, what is 20 + -24c6?
-24a6
In base 8, what is 1013540 - 5?
1013533
In base 16, what is -9c1a + -3?
-9c1d
In base 10, what is -16868 - -35?
-16833
In base 10, what is -115039 - 1?
-115040
In base 4, what is -1233012 + 103?
-1232303
In base 12, what is -76b + 174?
-5b7
In base 12, what is -2902 - 2?
-2904
In base 5, what is 2 - -41431?
41433
In base 5, what is 12043323 + 11?
12043334
In base 7, what is -65 + -34451?
-34546
In base 4, what is -1020221 + 101113?
-313102
In base 11, what is 15356 + 56?
15401
In base 10, what is 29 + 193937?
193966
In base 10, what is 10 - 3600?
-3590
In base 9, what is 21 + 431?
452
In base 7, what is -24213 - -12?
-24201
In base 6, what is -11502 + 1153?
-10305
In base 8, what is -200 + -21207?
-21407
In base 5, what is 23343210 - 0?
23343210
In base 10, what is 10355 + -40?
10315
In base 7, what is -215 + -1643?
-2161
In base 6, what is -21544 + -3123?
-25111
In base 13, what is 153 - 4?
14c
In base 12, what is 40 - -1590?
1610
In base 3, what is 2221 + -20021?
-10100
In base 3, what is -102121202 - 20?
-102121222
In base 9, what is -74716 - 2?
-74718
In base 4, what is 1023 + -1013301?
-1012212
In base 6, what is -350215 - -105?
-350110
In base 13, what is 21 + -619?
-5c8
In base 6, what is -330 + -25?
-355
In base 16, what is 8 + 20ee0?
20ee8
In base 12, what is -a + 2319?
230b
In base 14, what is 28 - 670?
-646
In base 7, what is 30 - -5021?
5051
In base 13, what is -13352 - -4?
-1334b
In base 4, what is 3123330 - -203?
3130133
In base 15, what is -7d0 + 1c?
-7b3
In base 5, what is -11 + 43232?
43221
In base 11, what is -3 - 5073?
-5076
In base 8, what is -62 + 1652?
1570
In base 10, what is -859 - -317?
-542
In base 11, what is 19944 - 3?
19941
In base 9, what is -287 + 664?
366
In base 3, what is 11111011 - -2?
11111020
In base 11, what is 3104 + 1?
3105
In base 5, what is -1 - -20304?
20303
In base 10, what is -44 + 2924?
2880
In base 12, what is -111a4 + -5?
-111a9
In base 2, what is 1010010100111110 + 101011?
1010010101101001
In base 16, what is 1 - -63cb?
63cc
In base 10, what is -165558 - 5?
-165563
In base 6, what is 23201450 - -5?
23201455
In base 14, what is 120 - 1648?
-1528
In base 5, what is 112 - -43232?
43344
In base 12, what is -19a06 - -4?
-19a02
In base 8, what is 1024074 + -5?
1024067
In base 3, what is 112 + 1212121?
1220010
In base 3, what is 101 + 20211220?
20212021
In base 14, what is -139 + 7?
-132
In base 10, what is 14 - 6911?
-6897
In base 2, what is 101 + -10000110010011?
-10000110001110
In base 10, what is 1871 - 204?
1667
In base 7, what is -3311011 + 5?
-3311003
In base 7, what is 24451 - -553?
25334
In base 10, what is -975 - 49?
-1024
In base 2, what is -111010010 + -10010001110?
-11001100000
In base 10, what is -28 + 3927?
3899
In base 7, what is -3 - 6525146?
-6525152
In base 10, what is -20 + -148237?
-148257
In base 4, what is -12331 + 11?
-12320
In base 16, what is 742b + 14?
743f
In base 16, what is 471 + -66?
40b
In base 10, what is -4761 - -12?
-4749
In base 2, what is 10000110001101 + -1?
10000110001100
In base 10, what is 1666 + -26?
1640
In base 8, what is -7 - 10622?
-10631
In base 13, what is -90017 + -5?
-9001c
In base 10, what is -41272 + -5?
-41277
In base 8, what is 3132 - 2122?
1010
In base 15, what is -21 + -2090a?
-2092b
In base 8, what is -31374545 + 0?
-31374545
In base 10, what is 7 - 27498?
-27491
In base 3, what is -1222210210010 + 10?
-1222210210000
In base 10, what is 2123 + 67?
2190
In base 13, what is 6727 - 48?
66ac
In base 13, what is -7 + -3706?
-3710
In base 14, what is -149ac - -2?
-149aa
In base 9, what is 21617 + -33?
21574
In base 8, what is 2 + -466471?
-466467
In base 15, what is 1a782d + -5?
1a7828
In base 8, what is -466 - -1412?
724
In base 12, what is 30b2 + -71a?
2594
In base 5, what is -230432331 - -1?
-230432330
In base 12, what is -1 - 7133?
-7134
In base 7, what is 1 + 14311?
14312
In base 15, what is 5 - -6dd2?
6dd7
In base 3, what is -20101201210000 - -2?
-20101201202221
In base 5, what is 4012434 + -14?
4012420
In base 6, what is 2500 - -433?
3333
In base 4, what is -320132 - -1003?
-313123
In base 14, what is 12 + -462?
-450
In base 16, what is -33fa + -1?
-33fb
In base 14, what is -58665 - -1b?
-58648
In base 15, what is 5 + -161690?
-16168a
In base 15, what is 4 + -3e415?
-3e411
In base 13, what is 23 + -154?
-131
In base 2, what is 1101 - 100110001100?
-100101111111
In base 12, what is -46 + 71a9?
7163
In base 8, what is -14 - 154443?
-154457
In base 11, what is -73448 - 3?
-73450
In base 14, what is 8 - 12a5?
-129b
In base 15, what is 8 - 14b29?
-14b21
In base 6, what is 20532 - -30?
21002
In base 10, what is 29527 - 3?
29524
In base 15, what is 1217 + -7?
1210
In base 8, what is 757607 + -1?
757606
In base 4, what is 12330 + -1021111?
-1002121
In base 3, what is 201022122101 + -11?
201022122020
In base 14, what is -1951 + -9?
-195a
In base 11, what is 0 + a93834?
a93834
In base 5, what is 3 + 10?
13
In base 4, what is 2 - -323022301?
323022303
In base 3, what is -110222100120 + 102?
-110222100011
In base 4, what is 21202120213 - 10?
21202120203
In base 5, what is -211302 - -11?
-211241
In base 6, what is -11015 - -5?
-11010
In base 14, what is -4a1 - -219?
-286
In base 15, what is 5 - a2ed?
-a2e8
In base 7, what is -3 + -1431256?
-1431262
In base 9, what is 12251 - -14?
12265
In base 13, what is 2 + -2cc3b8?
-2cc3b6
In base 9, what is -22 + -5150?
-5172
In base 2, what is -100101 + -10111110?
-11100011
In base 2, what is 11001100000100000 - -1000?
11001100000101000
In base 5, what is 1421 + -140143?
-133222
In base 15, what is -2736d1 + 1?
-2736d0
In base 6, what is 243 - -1200?
1443
In base 16, what is -1986f + -5?
-19874
In base 10, what is 169 + 3724?
3893
In base 5, what is 210431 + -2103?
203323
In base 2, what is 1101000 + -1001011101011?
-1001010000011
In base 4, what is -12113130 + -10?
-12113200
In base 16, what is 1ea85 - 5?
1ea80
In base 8, what is -56 + 15?
-41
In base 3, what is -10222200112 + 11?
-10222200101
In base 4, what is -1233003 - 30?
-1233033
In base 5, what is 1 + 2020224?
2020230
In base 4, what is -1231103 - 11?
-1231120
In base 7, what is 366 + 13456?
14155
In base 3, what is -20021222102 - 11?
-20021222120
In base 16, what is 5 - 7bf85?
-7bf80
In base 15, what is b - 14b2?
-14a6
In base 4, what is -10110 + 200?
-3310
In base 12, what is -3003 + 32?
-2b91
In base 13, what is -20 - -a82?
a62
In base 4, what is -12 - 1332032220?
-1332032232
In base 2, what is -100 - 1011110111110101?
-1011110111111001
In base 4, what is -1032211 - 211?
-1033022
In base 5, what is 42 + -1204332?
-1204240
In base 9, what is 30 + 36864?
37004
In base 13, what is -3 - 9b38?
-9b3b
In base 14, what is 3686 - 1d?
3667
In base 5, what is -132423 - -1?
-132422
In base 4, what is -13 - -13130301?
13130222
In base 10, what is 0 - -110189?
110189
In base 11, what is -11160 + 8?
-11153
In base 16, what is 8 - -84e?
856
In base 2, what is -111110111 + 111101?
-110111010
In base 12, what is 180a - 7b?
174b
In base 13, what is 2 - 114?
-112
In base 9, what is -2 - 101024?
-101026
In base 3, what is -212022111121 - -10?
-212022111111
In base 16, what is -17 + -740?
-757
In base 13, what is -2 + -2599b?
-259a0
In base 11, what is 3 - 8199?
-8196
In base 5, what is -24403024 - -1?
-24403023
In base 3, what is -10020001220 - -1?
-10020001212
In base 13, what is -18 - 3394?
-33ac
In base 15, what is 4 - 1043d?
-10439
In base 8, what is -45 - 217645?
-217712
In base 15, what is b4c339 + -1?
b4c338
In base 3, what is 1212211 - 1001122?
211012
In base 10, what is 83 - 1014?
-931
In base 3, what is 0 + -1122212102122?
-1122212102122
In base 11, what is 668 + -11?
657
In base 10, what is 200 + 616?
816
In base 13, what is -b22c - 4?
-b233
In base 2, what is 11 - 10000100000100?
-10000100000001
In base 6, what is 34 + 15533?
20011
In base 13, what is -1 + 18629?
18628
In base 7, what is -105404 + -1?
-105405
In base 9, what is 3 - 1325658?
-1325655
In base 15, what is 1332 - -2e?
1361
In base 10, what is 378 + 10?
388
In base 9, what is -20 + 16227?
16207
In base 14, what is -57 + 232?
1b9
In base 2, what is -11 + 110010000?
110001101
In base 11, what is 148 - 2154?
-2007
In base 